24040 - ((-4)/(-1) + 4). Suppose -46*s + 30*s + f = 0. What is the hundreds digit of s?
5
Let b = 4531 - 2818. What is the tens digit of (-4 - (-104)/24)*b?
7
Let b(w) be the first derivative of 43*w**4/6 + 2*w**3/3 - 3*w**2/2 + 5*w - 13. Let c(o) be the first derivative of b(o). What is the tens digit of c(1)?
8
Suppose 39396 = 10*c - 6*c + 5*j, 2*c + 2*j - 19696 = 0. What is the units digit of c?
4
Suppose 293*j + 265 = 294*j. Suppose -1086 = -3*f - f + 3*t, -f + j = -4*t. What is the hundreds digit of f?
2
Suppose -2*r - 3*h = 25, 3*r + h + 27 = -0*r. What is the hundreds digit of 3 - 9/6 - 2972/r?
3
Let p be 57*10/(-15)*-1. Suppose 5*z = 58 - p. Suppose 2*g - z*r = 270, -3*r = g - 2*r - 132. What is the units digit of g?
3
Let y(o) = 51*o**2 + 3*o + 85. Let w be y(-10). Suppose 5*q - w = -4*k, -k = -5*q - 88 + 5218. What is the tens digit of q?
2
Let h(v) = -145*v - 557. What is the units digit of h(-7)?
8
Let f be ((-120)/14)/((16/(-22792))/(-1)). Let t = f + 2320. What is the tens digit of (-2)/13 - 3/(195/t)?
5
Let o(g) = -21147*g**3 - g**2 - 31*g - 31. What is the units digit of o(-1)?
6
Let z be (8/(-4))/((-4)/(-14)). Let s(k) = -33*k + 21. What is the tens digit of s(z)?
5
Suppose 0 = 6*a - 14 + 68. Let o = a + 13. Suppose 9*u - 182 = -o*u. What is the tens digit of u?
1
Let h(b) = b + 42. Let m be h(0). Suppose 0 = -4*f - 2 + m. Suppose -f*q = -569 - 241. What is the units digit of q?
1
Let g = -59 + 73. Suppose -6268 = -g*a + 4092. Suppose -5*f + a = -0*f. What is the hundreds digit of f?
1
Suppose -1211 = -4*w + 5*b, 8*w - 3*b = 12*w - 1251. What is the hundreds digit of (54178/w)/(2/3)?
2
What is the tens digit of ((-145)/3)/(485/(-528165))?
3
Suppose 30*j - 15440 + 3560 = 0. Suppose 6*l - 24 = j. What is the units digit of l?
0
Suppose -4*p + 2*f + 19118 = 0, 4*p + 119*f - 116*f - 19133 = 0. Suppose -p = -10*j + 2979. What is the hundreds digit of j?
7
Let y be 1/(-5) + (-26156)/(-130). Suppose 0 = -2*h + 3*m + y, -3*h - 4*m + 60 = -267. What is the units digit of h?
5
What is the tens digit of 111250/4 + (-176)/352?
1
Let c(v) be the third derivative of -v**5/60 - 7*v**4/8 - 5*v**3/6 + 7*v**2. Let m be c(-13). Suppose m - 331 = -4*a. What is the units digit of a?
8
Suppose 2*c = 3*v + 11, -6*v = 2*c - 2*v - 4. Suppose 4*w = -3*b - 0*w + 9, -w = 0. Suppose c*j = 4*u - 242 - 102, 256 = b*u - j. What is the units digit of u?
5
Suppose 4 = 4*m - 4. Suppose 0*x + m*x - 58 = 0. Suppose -5*w + x = -91. What is the units digit of w?
4
Let u(v) = -4*v**2 + 30*v - 53. Let o(k) = 6*k**2 - 59*k + 107. Let a(c) = -3*o(c) - 5*u(c). What is the units digit of a(-26)?
4
Let l(r) be the third derivative of r**5/30 - 11*r**4/24 - r**3 + 16*r**2 - 3*r. What is the hundreds digit of l(-7)?
1
Let k(w) = -2*w**2 + 2*w + 6. Let g be k(3). Let p be -1 + g/(-8) - (-3357)/(-12). What is the hundreds digit of p/(-6)*144/40?
1
Let t = -52 + 55. Suppose 5*q - t*u - 1275 = -4*u, 0 = -3*u. What is the tens digit of q?
5
What is the hundreds digit of (-674496)/(-8)*21/63?
1
Let a(v) be the first derivative of 21*v**4 + 5*v**3/3 - 5*v**2/2 + 130. What is the units digit of a(2)?
2
Let b be (-1 + -2)/(27/(-657)) + 0. Suppose b + 170 = l. Let p = l + -81. What is the tens digit of p?
6
Suppose -120500*o + 120524*o - 308472 = 0. What is the units digit of o?
3
What is the tens digit of (-11)/(-22)*2 + (-2 + -3)*-10019?
9
Let z(w) = 9*w**2 - 44 + 24 + 3*w**2 + 0 - w**3 + 18*w. What is the tens digit of z(6)?
0
Let t be 4/(-10) + 402/30. Suppose 0 = 14*g - t*g - 127. Suppose 5*j - 4*j - 53 = -2*b, -4*b + g = -5*j. What is the tens digit of b?
2
Let p(i) = 644*i - 1052. What is the hundreds digit of p(9)?
7
Let h(x) = 26*x**2 + 16*x + 75. What is the units digit of h(-11)?
5
Let j be (-2 - -1)/(270/(-66) - -4). Suppose -14*l + 1002 = -j*l. What is the units digit of l?
4
Suppose -5*a + 4*a = -3*y + 17, y + 21 = -5*a. Let j(b) = -19*b - 59. What is the tens digit of j(a)?
3
Let r(o) = -66*o + 3. Let t be r(1). What is the units digit of 1460/14 - (-18)/t?
4
Let l(s) = 10*s**2 + 43*s + 472. What is the tens digit of l(-17)?
3
Let w(n) = 597 + 7*n**2 - 244 - 8*n**2. What is the units digit of w(0)?
3
Let y be (-1738)/4 + (-3)/6. Let i = -149 - y. What is the tens digit of i?
8
What is the hundreds digit of (((-8187750)/72)/(-25))/(1/8)?
3
Suppose -16*k = -1770 + 1754. Let z(o) = -o**2 - 3*o - 2. Let d be z(-3). What is the units digit of k/2 + (-30)/(-4) + d?
6
Suppose -5*m - 5*x + 19565 = 0, 69*m = 64*m + 2*x + 19558. What is the hundreds digit of m?
9
Let d(a) = 729*a**2 - 4*a - 19. What is the units digit of d(3)?
0
Let t be -681 + -1*3/(-15)*-5. Let w = t + 1008. What is the tens digit of w?
2
Let s(g) be the third derivative of -g**6/20 + g**5/20 + 7*g**4/12 + g**3/6 - 17*g**2 - g. What is the units digit of s(-4)?
7
Let n = -31 - -30. Let d(q) = -234*q - 3. Let p be d(n). Suppose -19*x + 16*x + p = 0. What is the units digit of x?
7
Let p = 87218 + -49186. What is the units digit of p?
2
Suppose 7*n + 21*n = 55572 + 123320. What is the units digit of n?
9
Suppose -8*s + 11*s - 15 = 0. What is the units digit of (-1)/2*-1202 + -2 + s?
4
Let v(q) = 2*q**2 + 6*q - 28. Let a(w) be the first derivative of -14*w**3/3 - 3*w**2/2 - 2*w + 14. Let k be a(-1). What is the units digit of v(k)?
2
Let j(b) = 813*b - 2036. What is the units digit of j(5)?
9
Let q = -660 - -382. Let b = 43 - q. What is the units digit of b?
1
Suppose -21 = 2*t - 3*t. Let a be (-3 + 69/t)*7. Suppose -a*n + 3*i = -394, 0*n + 5*n - 962 = -4*i. What is the hundreds digit of n?
1
What is the ten thousands digit of (58654440/110)/26 - (-4)/(-66)*9?
2
Suppose -5*q - 2*n + 12758 = 0, -7 + 9 = -2*n. Suppose -2*x = -5*a + 140 + q, -3*a + 1613 = x. What is the tens digit of a?
3
Suppose -359 = -5*m + 126. Suppose b + h = 3*h + 96, -3*h - m = -b. Suppose -k + 5*j + b = 0, 5*k - k - 361 = 5*j. What is the units digit of k?
9
Suppose 2*h = 10*h. Suppose -9*z + 4*z + 15 = h. What is the tens digit of 4 - z - 2*-27?
5
Let z(o) = 252*o**2 + 4*o + 801 - 806 - 3*o. What is the units digit of z(-2)?
1
Let x(w) = 2*w**2 - 13*w - 39. Suppose 5*j - 10*j + 100 = 0. Suppose 5*v = -j + 90. What is the tens digit of x(v)?
7
Suppose 2*g + 0*g = -2, -5*v + 3*g = -18. Suppose v*o - 23 = 499. What is the hundreds digit of o?
1
Let k = 23192 + -6453. What is the thousands digit of k?
6
Let u be 12/16*(-1220)/(-15). Suppose 2*c + 4*f - u - 85 = 0, 2*f - 235 = -3*c. What is the tens digit of c?
8
Let j(y) = -y**2 - 22*y + 5. Let r be j(-21). Suppose -p - 212 = 3*d, -r = 4*p - 6. Let o = 121 + d. What is the tens digit of o?
5
Suppose 2*t + t + 4294 = 2*a, 3*a - 6455 = t. Let v = a + -1111. What is the units digit of v?
2
Let j = -29931 + 56676. What is the tens digit of j?
4
Let t be ((-15)/(-9))/((8/12)/2). Suppose 4*c = -t*y + 6173, 3423 = 4*y - c - 1528. What is the units digit of y?
7
Suppose -60*b = -59*b - 742. What is the tens digit of ((-3)/(-3))/((-1)/b*-2)?
7
Let v be -2 - (3 + (-2 - (3 - 0))). Let k be (-3)/(-2)*(-112)/(-6). What is the units digit of 7/(k/276) - v?
9
Let h(s) = 2197*s**2 - 267*s + 814. What is the ten thousands digit of h(3)?
1
What is the ten thousands digit of ((-18)/(-27))/((-6)/(-276489)) + -6 + 10?
3
Let h(w) = w**2 + 12*w + 38. Let p be h(-6). Suppose 0 = p*r - 4*r + 664. What is the tens digit of r?
3
Suppose -2*n - 1812 = 2*d, -d - 3*d + 1794 = -2*n. Let b = n - -1561. What is the tens digit of b?
5
Let f(g) = 6*g**3 + 172*g**2 - 79*g + 52. What is the hundreds digit of f(-29)?
6
Suppose 3*b = -2*x + 1771, -10*x = -3*b - 5*x + 1736. Suppose 6*f + 131 = b. What is the tens digit of f?
7
Suppose -7*k + 11*k = 5*a - 10471, -4*a + 8356 = 2*k. What is the thousands digit of a?
2
Suppose 2*c + 45 = -19. What is the units digit of c/(-48) + 2606/6?
5
Let c(p) = -16368*p + 697. What is the hundreds digit of c(-2)?
4
Suppose 3850 = 8*q + 570. Suppose -4*x = 4*y - 1026 - q, -y + 5*x + 383 = 0. What is the tens digit of y?
6
Let q(z) = -385*z + 1159. Let v(c) = 64*c - 193. Let i(w) = -2*q(w) - 13*v(w). What is the hundreds digit of i(-6)?
5
Suppose c + 4*k = -11, -4*c = -3*c + 5*k + 16. Let p = c + -4. Suppose -p*h + 135 = 5*z, z - 2*z + 73 = 3*h. What is the units digit of h?
3
Let v = 1548 - -840